{"id":1262,"date":"2023-08-15T13:49:15","date_gmt":"2023-08-15T13:49:15","guid":{"rendered":"https:\/\/tauchsportclub-mettingen.com\/?page_id=1262"},"modified":"2024-01-29T11:45:32","modified_gmt":"2024-01-29T11:45:32","slug":"tcm-mettingen","status":"publish","type":"page","link":"https:\/\/tauchsportclub-mettingen.com\/index.php\/tcm-mettingen\/","title":{"rendered":"TCM Mettingen"},"content":{"rendered":"<style>.kb-row-layout-wrap.wp-block-kadence-rowlayout.kb-row-layout-id1262_2a0395-3b{margin-top:0px;margin-bottom:0px;}.kb-row-layout-id1262_2a0395-3b > .kt-row-column-wrap{align-content:start;}:where(.kb-row-layout-id1262_2a0395-3b > .kt-row-column-wrap) > .wp-block-kadence-column{justify-content:start;}.kb-row-layout-id1262_2a0395-3b > .kt-row-column-wrap{column-gap:var(--global-kb-gap-md, 2rem);row-gap:var(--global-kb-gap-md, 2rem);padding-top:0px;padding-bottom:0px;grid-template-columns:minmax(0, 1fr);}.kb-row-layout-id1262_2a0395-3b > .kt-row-layout-overlay{opacity:0.30;}@media all and (max-width: 1024px){.kb-row-layout-id1262_2a0395-3b > .kt-row-column-wrap{grid-template-columns:minmax(0, 1fr);}}@media all and (max-width: 767px){.kb-row-layout-id1262_2a0395-3b > .kt-row-column-wrap{grid-template-columns:minmax(0, 1fr);}}<\/style><div class=\"kb-row-layout-wrap kb-row-layout-id1262_2a0395-3b alignfull wp-block-kadence-rowlayout\"><div class=\"kt-row-column-wrap kt-has-1-columns kt-row-layout-equal kt-tab-layout-inherit kt-mobile-layout-row kt-row-valign-top\">\n<style>.kadence-column1262_b0ef36-c5 > .kt-inside-inner-col{min-height:500px;}.kadence-column1262_b0ef36-c5 > .kt-inside-inner-col,.kadence-column1262_b0ef36-c5 > .kt-inside-inner-col:before{border-top-left-radius:0px;border-top-right-radius:0px;border-bottom-right-radius:0px;border-bottom-left-radius:0px;}.kadence-column1262_b0ef36-c5 > .kt-inside-inner-col{column-gap:var(--global-kb-gap-sm, 1rem);}.kadence-column1262_b0ef36-c5 > .kt-inside-inner-col{flex-direction:column;}.kadence-column1262_b0ef36-c5 > .kt-inside-inner-col > .aligncenter{width:100%;}.kadence-column1262_b0ef36-c5 > .kt-inside-inner-col{background-image:url('https:\/\/tauchsportclub-mettingen.com\/wp-content\/uploads\/2023\/08\/Unbenannt.jpgopopoppopo.jpg');background-size:cover;background-position:53% 40%;background-attachment:scroll;background-repeat:no-repeat;}.kadence-column1262_b0ef36-c5 > .kt-inside-inner-col:before{opacity:0.3;}.kadence-column1262_b0ef36-c5{position:relative;}@media all and (max-width: 1024px){.kadence-column1262_b0ef36-c5 > .kt-inside-inner-col{flex-direction:column;justify-content:center;}}@media all and (max-width: 767px){.kadence-column1262_b0ef36-c5 > .kt-inside-inner-col{flex-direction:column;justify-content:center;}}<\/style>\n<div class=\"wp-block-kadence-column kadence-column1262_b0ef36-c5\"><div class=\"kt-inside-inner-col\"><\/div><\/div>\n\n<\/div><\/div>\n\n<style>.wp-block-kadence-column.kb-section-dir-horizontal > .kt-inside-inner-col > .kt-info-box1262_8e839f-24 .kt-blocks-info-box-link-wrap{max-width:unset;}.kt-info-box1262_8e839f-24 .kt-blocks-info-box-link-wrap{border-top:5px solid var(--global-palette7, #eeeeee);border-right:5px solid var(--global-palette7, #eeeeee);border-bottom:5px solid var(--global-palette7, #eeeeee);border-left:5px solid var(--global-palette7, #eeeeee);border-top-left-radius:20px;border-top-right-radius:20px;border-bottom-right-radius:20px;border-bottom-left-radius:20px;background:#ffffff;padding-top:var(--global-kb-spacing-sm, 1.5rem);padding-right:var(--global-kb-spacing-sm, 1.5rem);padding-bottom:var(--global-kb-spacing-sm, 1.5rem);padding-left:var(--global-kb-spacing-sm, 1.5rem);margin-top:50px;}.kt-info-box1262_8e839f-24.wp-block-kadence-infobox{max-width:100%;}.kt-info-box1262_8e839f-24 .kadence-info-box-image-inner-intrisic-container{max-width:100px;}.kt-info-box1262_8e839f-24 .kadence-info-box-image-inner-intrisic-container .kadence-info-box-image-intrisic{padding-bottom:89.5028%;width:543px;height:0px;max-width:100%;}.kt-info-box1262_8e839f-24 .kadence-info-box-icon-container .kt-info-svg-icon, .kt-info-box1262_8e839f-24 .kt-info-svg-icon-flip, .kt-info-box1262_8e839f-24 .kt-blocks-info-box-number{font-size:50px;}.kt-info-box1262_8e839f-24 .kt-blocks-info-box-media{background:#ffffff;border-color:var(--global-palette7, #eeeeee);border-radius:200px;overflow:hidden;border-top-width:5px;border-right-width:5px;border-bottom-width:5px;border-left-width:5px;padding-top:20px;padding-right:20px;padding-bottom:20px;padding-left:20px;}.kt-info-box1262_8e839f-24 .kt-blocks-info-box-media-container{margin-top:-75px;margin-right:0px;margin-bottom:20px;margin-left:0px;}.kt-info-box1262_8e839f-24 .kt-blocks-info-box-media .kadence-info-box-image-intrisic img{border-radius:200px;}.kt-info-box1262_8e839f-24 .kt-infobox-textcontent h2.kt-blocks-info-box-title{padding-top:0px;padding-right:0px;padding-bottom:0px;padding-left:0px;margin-top:5px;margin-right:0px;margin-bottom:10px;margin-left:0px;}.kt-info-box1262_8e839f-24 .kt-blocks-info-box-learnmore{background:transparent;border-width:0px 0px 0px 0px;padding-top:4px;padding-right:8px;padding-bottom:4px;padding-left:8px;margin-top:10px;margin-right:0px;margin-bottom:10px;margin-left:0px;}@media all and (max-width: 1024px){.kt-info-box1262_8e839f-24 .kt-blocks-info-box-link-wrap{border-top:5px solid var(--global-palette7, #eeeeee);border-right:5px solid var(--global-palette7, #eeeeee);border-bottom:5px solid var(--global-palette7, #eeeeee);border-left:5px solid var(--global-palette7, #eeeeee);}}@media all and (max-width: 767px){.kt-info-box1262_8e839f-24 .kt-blocks-info-box-link-wrap{border-top:5px solid var(--global-palette7, #eeeeee);border-right:5px solid var(--global-palette7, #eeeeee);border-bottom:5px solid var(--global-palette7, #eeeeee);border-left:5px solid var(--global-palette7, #eeeeee);}}<\/style>\n<div class=\"wp-block-kadence-infobox kt-info-box1262_8e839f-24\"><div class=\"kt-blocks-info-box-link-wrap kt-blocks-info-box-media-align-top kt-info-halign-center\"><div class=\"kt-blocks-info-box-media-container\"><div class=\"kt-blocks-info-box-media kt-info-media-animate-none\"><div class=\"kadence-info-box-image-inner-intrisic-container\"><div class=\"kadence-info-box-image-intrisic kt-info-animate-none\"><div class=\"kadence-info-box-image-inner-intrisic\"><img loading=\"lazy\" decoding=\"async\" src=\"https:\/\/tauchsportclub-mettingen.com\/wp-content\/uploads\/2023\/08\/Screenshot_2-e1706528381917.jpg\" alt=\"\" width=\"543\" height=\"486\" class=\"kt-info-box-image wp-image-1177\" srcset=\"https:\/\/tauchsportclub-mettingen.com\/wp-content\/uploads\/2023\/08\/Screenshot_2-e1706528381917.jpg 543w, https:\/\/tauchsportclub-mettingen.com\/wp-content\/uploads\/2023\/08\/Screenshot_2-e1706528381917-300x269.jpg 300w\" sizes=\"auto, (max-width: 543px) 100vw, 543px\" \/><\/div><\/div><\/div><\/div><\/div><div class=\"kt-infobox-textcontent\"><h2 class=\"kt-blocks-info-box-title\">Wer sind wir<\/h2><p class=\"kt-blocks-info-box-text\">Der Tauchsportclub Mettingen entstand am 7. Februar 1998 aus ein paar DLRG-Tauchern <br\/>die es an der Zeit fanden einen eigenen Verein zu gr\u00fcnden\u2026<br\/>Mittlerweile haben sich schon \u00fcber 60 tauchbegeisterte Mitglieder im Alter<br\/> zwischen 12 und 60+ Jahren bei uns zusammengefunden und es werden immer mehr.<br\/><br\/>Im 14-t\u00e4gigen Rhythmus findet jeweils am 1. und 3. Samstag im Monat in der Zeit von 17.30 bis 19.00 Uhr <br\/>ein zwangloser Trainingsabend statt. Dazu gehen wir entweder ins Mettinger Hallenbad <br\/>oder in den Sommermonaten ins Freibad. In dieser Zeit kann mit oder ohne Ausr\u00fcstung geschwommen, <br\/>getaucht, \u00b4fachgesimpelt\u00b4 oder sich einfach nur f\u00fcr den n\u00e4chsten Freiwassertauchgang verabredet werden.<br\/><br\/>Den Tauchsch\u00fclern werden in dieser Zeit unter Anleitung eines ausgebildeten Tauchlehrers <br\/>die ersten Grundbegriffe und \u00dcbungen im Umgang mit der Tauchausr\u00fcstung vermittelt.<br\/><br\/>In regelm\u00e4\u00dfigen Abst\u00e4nden wird eine Ausbildung bzw. Auffrischung des DLRG-Silber-Scheins <br\/>durch den zust\u00e4ndigen Schwimmeister angeboten. <br\/>Dieser umfa\u00dft schwerpunktm\u00e4\u00dfig das Retten und Bergen von Verletzten <br\/>aus dem Wasser sowie die Einleitung von lebensrettenden Erste-Hilfe-Ma\u00dfnahmen bei verungl\u00fcckten Schwimmern.<br\/><br\/><br\/>Was gibt es sonst noch bei uns:<br\/>Nachttauchg\u00e4nge, Grillabende, Sommerfest, Weihnachtsfeier, Tauchturmtauchen <br\/>zu besonderen Gelegenheiten, Tauchfahrten zu verschiedenen Seen, Kindertauchen bei Ferienfreizeiten, \u2026<\/p><\/div><\/div><\/div>\n","protected":false},"excerpt":{"rendered":"","protected":false},"author":2,"featured_media":0,"parent":0,"menu_order":0,"comment_status":"closed","ping_status":"closed","template":"","meta":{"_EventAllDay":false,"_EventTimezone":"","_EventStartDate":"","_EventEndDate":"","_EventStartDateUTC":"","_EventEndDateUTC":"","_EventShowMap":false,"_EventShowMapLink":false,"_EventURL":"","_EventCost":"","_EventCostDescription":"","_EventCurrencySymbol":"","_EventCurrencyCode":"","_EventCurrencyPosition":"","_EventDateTimeSeparator":"","_EventTimeRangeSeparator":"","_EventOrganizerID":[],"_EventVenueID":[],"_OrganizerEmail":"","_OrganizerPhone":"","_OrganizerWebsite":"","_VenueAddress":"","_VenueCity":"","_VenueCountry":"","_VenueProvince":"","_VenueState":"","_VenueZip":"","_VenuePhone":"","_VenueURL":"","_VenueStateProvince":"","_VenueLat":"","_VenueLng":"","_VenueShowMap":false,"_VenueShowMapLink":false,"_kadence_starter_templates_imported_post":false,"_kad_post_transparent":"","_kad_post_title":"","_kad_post_layout":"","_kad_post_sidebar_id":"","_kad_post_content_style":"","_kad_post_vertical_padding":"","_kad_post_feature":"","_kad_post_feature_position":"","_kad_post_header":false,"_kad_post_footer":false,"footnotes":""},"class_list":["post-1262","page","type-page","status-publish","hentry"],"yoast_head":"<!-- This site is optimized with the Yoast SEO plugin v24.1 - https:\/\/yoast.com\/wordpress\/plugins\/seo\/ -->\n<title>TCM Mettingen - Tauchsportclub Mettingen<\/title>\n<meta name=\"robots\" content=\"index, follow, max-snippet:-1, max-image-preview:large, max-video-preview:-1\" \/>\n<link rel=\"canonical\" href=\"https:\/\/tauchsportclub-mettingen.com\/index.php\/tcm-mettingen\/\" \/>\n<meta property=\"og:locale\" content=\"de_DE\" \/>\n<meta property=\"og:type\" content=\"article\" \/>\n<meta property=\"og:title\" content=\"TCM Mettingen - Tauchsportclub Mettingen\" \/>\n<meta property=\"og:url\" content=\"https:\/\/tauchsportclub-mettingen.com\/index.php\/tcm-mettingen\/\" \/>\n<meta property=\"og:site_name\" content=\"Tauchsportclub Mettingen\" \/>\n<meta property=\"article:modified_time\" content=\"2024-01-29T11:45:32+00:00\" \/>\n<meta property=\"og:image\" content=\"https:\/\/tauchsportclub-mettingen.com\/wp-content\/uploads\/2023\/08\/Screenshot_2-e1706528381917.jpg\" \/>\n<meta name=\"twitter:card\" content=\"summary_large_image\" \/>\n<meta name=\"twitter:label1\" content=\"Gesch\u00e4tzte Lesezeit\" \/>\n\t<meta name=\"twitter:data1\" content=\"2\u00a0Minuten\" \/>\n<script type=\"application\/ld+json\" class=\"yoast-schema-graph\">{\"@context\":\"https:\/\/schema.org\",\"@graph\":[{\"@type\":\"WebPage\",\"@id\":\"https:\/\/tauchsportclub-mettingen.com\/index.php\/tcm-mettingen\/\",\"url\":\"https:\/\/tauchsportclub-mettingen.com\/index.php\/tcm-mettingen\/\",\"name\":\"TCM Mettingen - Tauchsportclub Mettingen\",\"isPartOf\":{\"@id\":\"https:\/\/tauchsportclub-mettingen.com\/#website\"},\"primaryImageOfPage\":{\"@id\":\"https:\/\/tauchsportclub-mettingen.com\/index.php\/tcm-mettingen\/#primaryimage\"},\"image\":{\"@id\":\"https:\/\/tauchsportclub-mettingen.com\/index.php\/tcm-mettingen\/#primaryimage\"},\"thumbnailUrl\":\"https:\/\/tauchsportclub-mettingen.com\/wp-content\/uploads\/2023\/08\/Screenshot_2-e1706528381917.jpg\",\"datePublished\":\"2023-08-15T13:49:15+00:00\",\"dateModified\":\"2024-01-29T11:45:32+00:00\",\"breadcrumb\":{\"@id\":\"https:\/\/tauchsportclub-mettingen.com\/index.php\/tcm-mettingen\/#breadcrumb\"},\"inLanguage\":\"de\",\"potentialAction\":[{\"@type\":\"ReadAction\",\"target\":[\"https:\/\/tauchsportclub-mettingen.com\/index.php\/tcm-mettingen\/\"]}]},{\"@type\":\"ImageObject\",\"inLanguage\":\"de\",\"@id\":\"https:\/\/tauchsportclub-mettingen.com\/index.php\/tcm-mettingen\/#primaryimage\",\"url\":\"https:\/\/tauchsportclub-mettingen.com\/wp-content\/uploads\/2023\/08\/Screenshot_2-e1706528381917.jpg\",\"contentUrl\":\"https:\/\/tauchsportclub-mettingen.com\/wp-content\/uploads\/2023\/08\/Screenshot_2-e1706528381917.jpg\",\"width\":543,\"height\":486},{\"@type\":\"BreadcrumbList\",\"@id\":\"https:\/\/tauchsportclub-mettingen.com\/index.php\/tcm-mettingen\/#breadcrumb\",\"itemListElement\":[{\"@type\":\"ListItem\",\"position\":1,\"name\":\"Startseite\",\"item\":\"https:\/\/tauchsportclub-mettingen.com\/\"},{\"@type\":\"ListItem\",\"position\":2,\"name\":\"TCM Mettingen\"}]},{\"@type\":\"WebSite\",\"@id\":\"https:\/\/tauchsportclub-mettingen.com\/#website\",\"url\":\"https:\/\/tauchsportclub-mettingen.com\/\",\"name\":\"Tauchsportclub Mettingen\",\"description\":\"\",\"publisher\":{\"@id\":\"https:\/\/tauchsportclub-mettingen.com\/#organization\"},\"potentialAction\":[{\"@type\":\"SearchAction\",\"target\":{\"@type\":\"EntryPoint\",\"urlTemplate\":\"https:\/\/tauchsportclub-mettingen.com\/?s={search_term_string}\"},\"query-input\":{\"@type\":\"PropertyValueSpecification\",\"valueRequired\":true,\"valueName\":\"search_term_string\"}}],\"inLanguage\":\"de\"},{\"@type\":\"Organization\",\"@id\":\"https:\/\/tauchsportclub-mettingen.com\/#organization\",\"name\":\"Tauchsportclub Mettingen\",\"url\":\"https:\/\/tauchsportclub-mettingen.com\/\",\"logo\":{\"@type\":\"ImageObject\",\"inLanguage\":\"de\",\"@id\":\"https:\/\/tauchsportclub-mettingen.com\/#\/schema\/logo\/image\/\",\"url\":\"https:\/\/tauchsportclub-mettingen.com\/wp-content\/uploads\/2023\/08\/cropped-553632cd3a3f328f3db3fa36f0d6ec20-2.jpg\",\"contentUrl\":\"https:\/\/tauchsportclub-mettingen.com\/wp-content\/uploads\/2023\/08\/cropped-553632cd3a3f328f3db3fa36f0d6ec20-2.jpg\",\"width\":850,\"height\":340,\"caption\":\"Tauchsportclub  Mettingen\"},\"image\":{\"@id\":\"https:\/\/tauchsportclub-mettingen.com\/#\/schema\/logo\/image\/\"}}]}<\/script>\n<!-- \/ Yoast SEO plugin. -->","yoast_head_json":{"title":"TCM Mettingen - Tauchsportclub Mettingen","robots":{"index":"index","follow":"follow","max-snippet":"max-snippet:-1","max-image-preview":"max-image-preview:large","max-video-preview":"max-video-preview:-1"},"canonical":"https:\/\/tauchsportclub-mettingen.com\/index.php\/tcm-mettingen\/","og_locale":"de_DE","og_type":"article","og_title":"TCM Mettingen - Tauchsportclub Mettingen","og_url":"https:\/\/tauchsportclub-mettingen.com\/index.php\/tcm-mettingen\/","og_site_name":"Tauchsportclub Mettingen","article_modified_time":"2024-01-29T11:45:32+00:00","og_image":[{"url":"https:\/\/tauchsportclub-mettingen.com\/wp-content\/uploads\/2023\/08\/Screenshot_2-e1706528381917.jpg","type":"","width":"","height":""}],"twitter_card":"summary_large_image","twitter_misc":{"Gesch\u00e4tzte Lesezeit":"2\u00a0Minuten"},"schema":{"@context":"https:\/\/schema.org","@graph":[{"@type":"WebPage","@id":"https:\/\/tauchsportclub-mettingen.com\/index.php\/tcm-mettingen\/","url":"https:\/\/tauchsportclub-mettingen.com\/index.php\/tcm-mettingen\/","name":"TCM Mettingen - Tauchsportclub Mettingen","isPartOf":{"@id":"https:\/\/tauchsportclub-mettingen.com\/#website"},"primaryImageOfPage":{"@id":"https:\/\/tauchsportclub-mettingen.com\/index.php\/tcm-mettingen\/#primaryimage"},"image":{"@id":"https:\/\/tauchsportclub-mettingen.com\/index.php\/tcm-mettingen\/#primaryimage"},"thumbnailUrl":"https:\/\/tauchsportclub-mettingen.com\/wp-content\/uploads\/2023\/08\/Screenshot_2-e1706528381917.jpg","datePublished":"2023-08-15T13:49:15+00:00","dateModified":"2024-01-29T11:45:32+00:00","breadcrumb":{"@id":"https:\/\/tauchsportclub-mettingen.com\/index.php\/tcm-mettingen\/#breadcrumb"},"inLanguage":"de","potentialAction":[{"@type":"ReadAction","target":["https:\/\/tauchsportclub-mettingen.com\/index.php\/tcm-mettingen\/"]}]},{"@type":"ImageObject","inLanguage":"de","@id":"https:\/\/tauchsportclub-mettingen.com\/index.php\/tcm-mettingen\/#primaryimage","url":"https:\/\/tauchsportclub-mettingen.com\/wp-content\/uploads\/2023\/08\/Screenshot_2-e1706528381917.jpg","contentUrl":"https:\/\/tauchsportclub-mettingen.com\/wp-content\/uploads\/2023\/08\/Screenshot_2-e1706528381917.jpg","width":543,"height":486},{"@type":"BreadcrumbList","@id":"https:\/\/tauchsportclub-mettingen.com\/index.php\/tcm-mettingen\/#breadcrumb","itemListElement":[{"@type":"ListItem","position":1,"name":"Startseite","item":"https:\/\/tauchsportclub-mettingen.com\/"},{"@type":"ListItem","position":2,"name":"TCM Mettingen"}]},{"@type":"WebSite","@id":"https:\/\/tauchsportclub-mettingen.com\/#website","url":"https:\/\/tauchsportclub-mettingen.com\/","name":"Tauchsportclub Mettingen","description":"","publisher":{"@id":"https:\/\/tauchsportclub-mettingen.com\/#organization"},"potentialAction":[{"@type":"SearchAction","target":{"@type":"EntryPoint","urlTemplate":"https:\/\/tauchsportclub-mettingen.com\/?s={search_term_string}"},"query-input":{"@type":"PropertyValueSpecification","valueRequired":true,"valueName":"search_term_string"}}],"inLanguage":"de"},{"@type":"Organization","@id":"https:\/\/tauchsportclub-mettingen.com\/#organization","name":"Tauchsportclub Mettingen","url":"https:\/\/tauchsportclub-mettingen.com\/","logo":{"@type":"ImageObject","inLanguage":"de","@id":"https:\/\/tauchsportclub-mettingen.com\/#\/schema\/logo\/image\/","url":"https:\/\/tauchsportclub-mettingen.com\/wp-content\/uploads\/2023\/08\/cropped-553632cd3a3f328f3db3fa36f0d6ec20-2.jpg","contentUrl":"https:\/\/tauchsportclub-mettingen.com\/wp-content\/uploads\/2023\/08\/cropped-553632cd3a3f328f3db3fa36f0d6ec20-2.jpg","width":850,"height":340,"caption":"Tauchsportclub  Mettingen"},"image":{"@id":"https:\/\/tauchsportclub-mettingen.com\/#\/schema\/logo\/image\/"}}]}},"_links":{"self":[{"href":"https:\/\/tauchsportclub-mettingen.com\/index.php\/wp-json\/wp\/v2\/pages\/1262","targetHints":{"allow":["GET"]}}],"collection":[{"href":"https:\/\/tauchsportclub-mettingen.com\/index.php\/wp-json\/wp\/v2\/pages"}],"about":[{"href":"https:\/\/tauchsportclub-mettingen.com\/index.php\/wp-json\/wp\/v2\/types\/page"}],"author":[{"embeddable":true,"href":"https:\/\/tauchsportclub-mettingen.com\/index.php\/wp-json\/wp\/v2\/users\/2"}],"replies":[{"embeddable":true,"href":"https:\/\/tauchsportclub-mettingen.com\/index.php\/wp-json\/wp\/v2\/comments?post=1262"}],"version-history":[{"count":7,"href":"https:\/\/tauchsportclub-mettingen.com\/index.php\/wp-json\/wp\/v2\/pages\/1262\/revisions"}],"predecessor-version":[{"id":1307,"href":"https:\/\/tauchsportclub-mettingen.com\/index.php\/wp-json\/wp\/v2\/pages\/1262\/revisions\/1307"}],"wp:attachment":[{"href":"https:\/\/tauchsportclub-mettingen.com\/index.php\/wp-json\/wp\/v2\/media?parent=1262"}],"curies":[{"name":"wp","href":"https:\/\/api.w.org\/{rel}","templated":true}]}}